111100000100011001?
111100000100110100
In base 12, what is -4468588 + -a?
-4468596
In base 3, what is 211210 + -11101221002?
-11101002022
In base 6, what is 114124 - 5551?
104133
In base 2, what is 1001110010 - -11010011010011101?
11010100100001111
In base 15, what is ab27 + 87?
abae
In base 15, what is 2 + -284139?
-284137
In base 12, what is -45092b - -1?
-45092a
In base 9, what is -137474 - 311?
-137785
In base 16, what is 12fd8c4 - 0?
12fd8c4
In base 12, what is -26429120 + 5?
-26429117
In base 7, what is -146263511 + 0?
-146263511
In base 11, what is -2404775 - -5?
-2404770
In base 5, what is -1040 + -211043332?
-211044422
In base 9, what is 463 + 78836?
80410
In base 5, what is 12202142442 - 4?
12202142433
In base 16, what is -18 - 3bb301?
-3bb319
In base 3, what is -1102120 + 10211101122?
10202222002
In base 13, what is -10 - a91b4b2?
-a91b4c2
In base 5, what is 123200 - -3221104?
3344304
In base 4, what is -11010000 - -1232?
-11002102
In base 4, what is -2310023132 - -31?
-2310023101
In base 8, what is -11562465 - -13?
-11562452
In base 15, what is 1 + a46731?
a46732
In base 2, what is -111001110000110010000 - -101011?
-111001110000101100101
In base 14, what is -4369 - -150?
-4219
In base 12, what is 63780 + 11?
63791
In base 2, what is 1011011011001111101000011 - 0?
1011011011001111101000011
In base 12, what is 2 - -7928575?
7928577
In base 4, what is -112223 + -23311213?
-30030102
In base 2, what is 100111111111011 - -1001001111011001?
1110001111010100
In base 10, what is -60 - -2814?
2754
In base 5, what is -43003413232 + -10?
-43003413242
In base 6, what is 5 - 104125541?
-104125532
In base 2, what is 10011 - -1000101011001101110?
1000101011010000001
In base 16, what is -56d90 + -156?
-56ee6
In base 10, what is -59 + -24302?
-24361
In base 3, what is -1200120002111002011 + 12?
-1200120002111001222
In base 16, what is 3 - 125bfb?
-125bf8
In base 5, what is 2101 + 4322?
11423
In base 15, what is 5a276e - -13a?
5a28a9
In base 13, what is -8 + 3b8b25?
3b8b1a
In base 9, what is 220700 + 6?
220706
In base 13, what is -1556 - -a400?
8b77
In base 3, what is 2102210 + 11111100?
20221010
In base 8, what is -24030 + 1560?
-22250
In base 7, what is -12005 + 242?
-11433
In base 9, what is -24754113 - 5?
-24754118
In base 8, what is 7115 - 3716?
3177
In base 2, what is -10100011001 + 1101111001000?
1011010101111
In base 8, what is -1106501653 - 2?
-1106501655
In base 6, what is 2 + -20510122?
-20510120
In base 13, what is -45809 - 40?
-45849
In base 5, what is 321023 - 3231?
312242
In base 12, what is -7588b + -853?
-76522
In base 5, what is -31120230 - 32?
-31120312
In base 10, what is 0 + 286966?
286966
In base 14, what is -4992 - -314?
-467c
In base 10, what is 9082862 - 36?
9082826
In base 4, what is -31 + -1121031120313?
-1121031121010
In base 2, what is 110 - -111000011101011111000101001?
111000011101011111000101111
In base 5, what is 4120 - 444432?
-440312
In base 5, what is -314212304 - 42?
-314212401
In base 11, what is -418 - -7584?
7167
In base 5, what is 34422433 - 113?
34422320
In base 13, what is 92a1 + -144c8?
-8227
In base 6, what is 233142155 + 12?
233142211
In base 9, what is 675511766 + 4?
675511771
In base 4, what is 113 + 112313313?
112320032
In base 9, what is 25035 + 55?
25101
In base 7, what is -2213234 + -142?
-2213406
In base 5, what is -13122 - 11224231?
-11242403
In base 11, what is -5 + -82814214?
-82814219
In base 13, what is -27 - 1309557?
-1309581
In base 6, what is 4053004 + -135?
4052425
In base 14, what is 343 - -6735?
6a78
In base 11, what is -2527 - 771?
-3198
In base 11, what is 1 + 1093913?
1093914
In base 14, what is 9a38b4 + -10?
9a38a4
In base 13, what is 799 - -a2?
86b
In base 12, what is -4 - 198181bb?
-19818203
In base 16, what is 1 + 3e20db?
3e20dc
In base 7, what is -215021534 - -26?
-215021505
In base 9, what is 2 - -4218207?
4218210
In base 13, what is b - 3847620?
-3847612
In base 8, what is 105235 + -16?
105217
In base 12, what is 2 - 1414242?
-1414240
In base 6, what is -5 - -2332521434?
2332521425
In base 13, what is -a58 - 69ab1?
-6a839
In base 14, what is -5 - b96da?
-b9701
In base 3, what is 200122222 + 110122220?
1011022212
In base 2, what is 1000110 - 110101100111101111010?
-110101100111100110100
In base 10, what is -111586491 + 2?
-111586489
In base 13, what is -12670a + 14?
-1266c6
In base 15, what is 4 + 7bd524e?
7bd5253
In base 7, what is 4311425 + -443?
4310652
In base 5, what is 113003 + 3242?
121300
In base 12, what is 143a6661 + 8?
143a6669
In base 7, what is -330566 + 23?
-330543
In base 4, what is 11212221 + -1100?
11211121
In base 4, what is 13221123031 - 1031?
13221122000
In base 6, what is 413433355 + 0?
413433355
In base 16, what is 3a1c64c3 + 2?
3a1c64c5
In base 12, what is -67 - 59225?
-59290
In base 8, what is -645 + -24631?
-25476
In base 2, what is -111010111101100010111101 - -11?
-111010111101100010111010
In base 4, what is -3232123 - -101131?
-3130332
In base 12, what is 454 - 170ab?
-16857
In base 5, what is 14043043 - 4430?
14033113
In base 13, what is -1b + 1589674?
1589656
In base 2, what is -10 - -10101001010101000100?
10101001010101000010
In base 6, what is -150 + 342553?
342403
In base 14, what is 2 - a357919?
-a357917
In base 2, what is 10 - -111000101011010011100100000?
111000101011010011100100010
In base 5, what is 4030 - 1032320?
-1023240
In base 9, what is 26530203 - -12?
26530215
In base 6, what is -323 - 33003342?
-33004105
In base 6, what is 200025555 - -12?
200030011
In base 10, what is -32 - -62048?
62016
In base 3, what is -11 - 121020102011020210?
-121020102011020221
In base 11, what is -3 + 33156135?
33156132
In base 4, what is -2 + -1031300212?
-1031300220
In base 10, what is 1 + -2374511?
-2374510
In base 13, what is -62b3 + -14?
-62c7
In base 8, what is 5 + 4461030?
4461035
In base 15, what is -14 + -160be?
-160d3
In base 13, what is 904797 - -2?
904799
In base 11, what is -7 + 4a2235?
4a2229
In base 12, what is 5 - -17279ab?
17279b4
In base 9, what is 0 - 3501771?
-3501771
In base 10, what is 3484426 - 5?
3484421
In base 11, what is 16 + 9799849?
9799864
In base 4, what is 311121220 - -1?
311121221
In base 2, what is -100101010011111101000000 + -11?
-100101010011111101000011
In base 16, what is 35301 + -123?
351de
In base 13, what is -3128641 - 1?
-3128642
In base 12, what is -140 - -820a?
808a
In base 5, what is 404212 - 2143?
402014
In base 16, what is c16 + 18e8?
24fe
In base 5, what is -1240340 + -1412?
-1242302
In base 6, what is 21223241552 - 2?
21223241550
In base 8, what is 1473 + -126235?
-124542
In base 12, what is -14ab2936b - 0?
-14ab2936b
In base 2, what is -101 - 10110011000101110101110?
-10110011000101110110011
In base 15, what is -33c + 3356?
3019
In base 9, what is 2818 - -2644?
5563
In base 11, what is -a56411 - -1a2?
-a5621a
In base 13, what is -1582 - 1642?
-2bc4
In base 10, what is -42355271 + 3?
-42355268
In base 4, what is 1 + -23302333101?
-23302333100
In base 2, what is -1101111110 - 11001111000010?
-11011101000000
In base 4, what is 31021010 - -1321010?
33002020
In base 5, what is 10123 - -10430001?
10440124
In base 14, what is -455b6c + -214?
-455d82
In base 16, what is -925e1a + 5?
-925e15
In base 7, what is -140 - -2524260?
2524120
In base 7, what is -225 + -515014?
-515242
In base 4, what is 121 - -2030220112?
2030220233
In base 11, what is -2 - 32253192?
-32253194
In base 6, what is 10 - -3202331422?
3202331432
In base 2, what is -110 - -101110111111000100000110?
101110111111000100000000
In base 6, what is -50 - 345051235?
-345051325
In base 2, what is -110 + -100100111001010110001100?
-100100111001010110010010
In base 15, what is -5ddb35 + -2?
-5ddb37
In base 2, what is -111 + 1111100010111010100?
1111100010111001101
In base 2, what is 1101111111101010011 - -1001?
1101111111101011100
In base 10, what is 633 + 76619?
77252
In base 10, what is 157204045 - 5?
157204040
In base 11, what is 2a4 - 29a3?
-26aa
In base 13, what is 819a1 + -7b?
81923
In base 8, what is 5 - -11747112?
11747117
In base 16, what is 0 - -7cf149?
7cf149
In base 4, what is 1212 - -131330310?
131332122
In base 10, what is -42 - -83618?
83576
In base 9, what is -3 + 62028130?
62028126
In base 14, what is -3 - -15064a?
150647
In base 12, what